ainder when 3068 is divided by 11.
10
Calculate the remainder when 6639 is divided by 2205.
24
What is the remainder when 18089 is divided by 4518?
17
Calculate the remainder when 9437 is divided by 1177.
21
Calculate the remainder when 25468 is divided by 554.
538
What is the remainder when 3995 is divided by 1400?
1195
What is the remainder when 851859 is divided by 26?
21
Calculate the remainder when 148740 is divided by 14.
4
Calculate the remainder when 13777 is divided by 1373.
47
What is the remainder when 559117 is divided by 464?
461
What is the remainder when 2530 is divided by 122?
90
Calculate the remainder when 411716 is divided by 120.
116
Calculate the remainder when 194529 is divided by 26.
23
Calculate the remainder when 388437 is divided by 97101.
33
Calculate the remainder when 1327 is divided by 1172.
155
What is the remainder when 1636 is divided by 109?
1
What is the remainder when 40081 is divided by 13?
2
What is the remainder when 1175547 is divided by 64?
59
Calculate the remainder when 57995 is divided by 271.
1
What is the remainder when 36574 is divided by 71?
9
What is the remainder when 166 is divided by 65?
36
What is the remainder when 2287298 is divided by 50?
48
What is the remainder when 1791300 is divided by 932?
928
Calculate the remainder when 5509 is divided by 103.
50
Calculate the remainder when 39191 is divided by 1654.
1149
Calculate the remainder when 145633 is divided by 105.
103
Calculate the remainder when 1642 is divided by 446.
304
What is the remainder when 4018 is divided by 1984?
50
What is the remainder when 1385 is divided by 31?
21
Calculate the remainder when 5872 is divided by 16.
0
What is the remainder when 50938 is divided by 3917?
17
What is the remainder when 8715 is divided by 993?
771
Calculate the remainder when 4038 is divided by 133.
48
What is the remainder when 25534 is divided by 133?
131
What is the remainder when 4238 is divided by 455?
143
What is the remainder when 8965833 is divided by 12?
9
Calculate the remainder when 27970 is divided by 27.
25
Calculate the remainder when 2652812 is divided by 102.
98
What is the remainder when 5286 is divided by 2641?
4
What is the remainder when 31066 is divided by 49?
0
Calculate the remainder when 17251 is divided by 1351.
1039
What is the remainder when 8777 is divided by 2910?
47
Calculate the remainder when 275437 is divided by 220.
217
Calculate the remainder when 183409 is divided by 61130.
19
Calculate the remainder when 161857 is divided by 16185.
7
What is the remainder when 4547 is divided by 324?
11
Calculate the remainder when 58187 is divided by 1816.
75
Calculate the remainder when 2623 is divided by 2529.
94
What is the remainder when 16170 is divided by 184?
162
What is the remainder when 8700 is divided by 416?
380
Calculate the remainder when 13496 is divided by 136.
32
What is the remainder when 54171 is divided by 93?
45
What is the remainder when 15050 is divided by 106?
104
Calculate the remainder when 1379 is divided by 134.
39
Calculate the remainder when 157129 is divided by 190.
189
What is the remainder when 36220 is divided by 240?
220
Calculate the remainder when 609552 is divided by 203181.
9
Calculate the remainder when 1574 is divided by 748.
78
What is the remainder when 3505 is divided by 338?
125
Calculate the remainder when 4012 is divided by 1431.
1150
Calculate the remainder when 3002 is divided by 619.
526
What is the remainder when 4654 is divided by 161?
146
Calculate the remainder when 53682 is divided by 29.
3
What is the remainder when 21512 is divided by 71?
70
What is the remainder when 445 is divided by 45?
40
What is the remainder when 159427 is divided by 546?
541
Calculate the remainder when 3084 is divided by 380.
44
What is the remainder when 3542050 is divided by 12?
10
What is the remainder when 48049 is divided by 10?
9
What is the remainder when 1277496 is divided by 46?
30
Calculate the remainder when 313340 is divided by 104389.
173
What is the remainder when 719 is divided by 482?
237
What is the remainder when 6096 is divided by 647?
273
What is the remainder when 29197 is divided by 148?
41
What is the remainder when 198099 is divided by 4502?
11
What is the remainder when 633450 is divided by 316723?
4
What is the remainder when 15737 is divided by 54?
23
What is the remainder when 33404 is divided by 16643?
118
Calculate the remainder when 1410 is divided by 31.
15
What is the remainder when 13928 is divided by 28?
12
What is the remainder when 158 is divided by 125?
33
Calculate the remainder when 30564 is divided by 10056.
396
What is the remainder when 27488 is divided by 316?
312
Calculate the remainder when 49715 is divided by 24703.
309
Calculate the remainder when 5345 is divided by 254.
11
What is the remainder when 2337 is divided by 458?
47
What is the remainder when 5914 is divided by 1971?
1
Calculate the remainder when 7636 is divided by 108.
76
What is the remainder when 318920 is divided by 152?
24
Calculate the remainder when 4805 is divided by 27.
26
What is the remainder when 4935 is divided by 266?
147
What is the remainder when 68440 is divided by 23?
15
What is the remainder when 1097 is divided by 74?
61
Calculate the remainder when 550668 is divided by 123.
120
Calculate the remainder when 10553 is divided by 97.
77
Calculate the remainder when 6653 is divided by 229.
12
What is the remainder when 4247790 is divided by 76?
74
What is the remainder when 1719 is divided by 542?
93
What is the remainder when 368416 is divided by 72?
64
Calculate the remainder when 164021 is divided by 1224.
5
What is the remainder when 64389 is divided by 274?
273
Calculate the remainder when 25771 is divided by 1123.
1065
What is the remainder when 55911 is divided by 211?
207
Calculate the remainder when 15465 is divided by 189.
156
What is the remainder when 9782 is divided by 751?
19
Calculate the remainder when 34323 is divided by 14.
9
What is the remainder when 3651 is divided by 136?
115
Calculate the remainder when 52784 is divided by 369.
17
Calculate the remainder when 310449 is divided by 164.
161
Calculate the remainder when 13042 is divided by 1628.
18
Calculate the remainder when 390408 is divided by 390399.
9
Calculate the remainder when 9003419 is divided by 429.
425
What is the remainder when 1246954 is divided by 63?
58
Calculate the remainder when 1658 is divided by 162.
38
Calculate the remainder when 1041021 is divided by 74.
63
Calculate the remainder when 2495 is divided by 25.
20
What is the remainder when 5372 is divided by 193?
161
Calculate the remainder when 49347 is divided by 50.
47
What is the remainder when 8399 is divided by 31?
29
Calculate the remainder when 12214 is divided by 6100.
14
What is the remainder when 5202 is divided by 26?
2
What is the remainder when 3016 is divided by 496?
40
What is the remainder when 23009 is divided by 75?
59
What is the remainder when 15561 is divided by 33?
18
Calculate the remainder when 198423 is divided by 12.
3
What is the remainder when 1310896 is divided by 50?
46
What is the remainder when 46690 is divided by 1417?
1346
What is the remainder when 4368 is divided by 242?
12
Calculate the remainder when 6783 is divided by 565.
3
What is the remainder when 1211791 is divided by 212?
211
What is the remainder when 6462 is divided by 247?
40
What is the remainder when 280578 is divided by 191?
190
What is the remainder when 2613 is divided by 370?
23
Calculate the remainder when 6043 is divided by 77.
37
What is the remainder when 3953 is divided by 61?
49
Calculate the remainder when 490 is divided by 58.
26
What is the remainder when 74024 is divided by 105?
104
What is the remainder when 1217 is divided by 35?
27
What is the remainder when 38653 is divided by 644?
13
Calculate the remainder when 10504 is divided by 3476.
76
What is the remainder when 49884 is divided by 44?
32
Calculate the remainder when 44892 is divided by 110.
12
Calculate the remainder when 409 is divided by 118.
55
Calculate the remainder when 645 is divided by 78.
21
Calculate the remainder when 76167 is divided by 278.
273
What is the remainder when 562818 is divided by 20?
18
What is the remainder when 17554 